{"id":88020,"date":"2021-06-03T18:44:51","date_gmt":"2021-06-03T16:44:51","guid":{"rendered":"https:\/\/www.idokom.fr\/clients\/fcl-tennis\/?page_id=88020"},"modified":"2021-06-08T18:40:21","modified_gmt":"2021-06-08T16:40:21","slug":"cours-collectifs-adultes","status":"publish","type":"page","link":"https:\/\/www.idokom.fr\/clients\/fcl-tennis\/cours-collectifs-adultes\/","title":{"rendered":"Cours collectifs adultes"},"content":{"rendered":"<p>[vc_row row_height_percent=\u00a0\u00bb30&Prime; override_padding=\u00a0\u00bbyes\u00a0\u00bb h_padding=\u00a0\u00bb2&Prime; top_padding=\u00a0\u00bb3&Prime; bottom_padding=\u00a0\u00bb3&Prime; back_color=\u00a0\u00bbcolor-wayh\u00a0\u00bb back_image=\u00a0\u00bb87898&Prime; back_repeat=\u00a0\u00bbno-repeat\u00a0\u00bb back_position=\u00a0\u00bbcenter center\u00a0\u00bb overlay_color=\u00a0\u00bbaccent\u00a0\u00bb overlay_alpha=\u00a0\u00bb90&Prime; gutter_size=\u00a0\u00bb3&Prime; column_width_percent=\u00a0\u00bb100&Prime; shift_y=\u00a0\u00bb0&Prime; z_index=\u00a0\u00bb0&Prime; style=\u00a0\u00bbinherited\u00a0\u00bb][vc_column column_width_percent=\u00a0\u00bb100&Prime; position_vertical=\u00a0\u00bbbottom\u00a0\u00bb gutter_size=\u00a0\u00bb3&Prime; style=\u00a0\u00bbdark\u00a0\u00bb overlay_alpha=\u00a0\u00bb50&Prime; shift_x=\u00a0\u00bb0&Prime; shift_y=\u00a0\u00bb0&Prime; shift_y_down=\u00a0\u00bb0&Prime; z_index=\u00a0\u00bb0&Prime; medium_width=\u00a0\u00bb0&Prime; mobile_width=\u00a0\u00bb0&Prime; zoom_width=\u00a0\u00bb0&Prime; zoom_height=\u00a0\u00bb0&Prime; width=\u00a0\u00bb1\/1&Prime;][vc_custom_heading heading_semantic=\u00a0\u00bbh1&Prime; text_font=\u00a0\u00bbfont-762333&Prime; text_size=\u00a0\u00bbfontsize-338686&Prime; text_weight=\u00a0\u00bb700&Prime; text_height=\u00a0\u00bbfontheight-179065&Prime; sub_reduced=\u00a0\u00bbyes\u00a0\u00bb]Cours collectifs adultes[\/vc_custom_heading][\/vc_column][\/vc_row][vc_row row_height_percent=\u00a0\u00bb0&Prime; override_padding=\u00a0\u00bbyes\u00a0\u00bb h_padding=\u00a0\u00bb2&Prime; top_padding=\u00a0\u00bb5&Prime; bottom_padding=\u00a0\u00bb5&Prime; overlay_alpha=\u00a0\u00bb50&Prime; gutter_size=\u00a0\u00bb3&Prime; column_width_percent=\u00a0\u00bb100&Prime; shift_y=\u00a0\u00bb0&Prime; z_index=\u00a0\u00bb0&Prime;][vc_column column_width_use_pixel=\u00a0\u00bbyes\u00a0\u00bb gutter_size=\u00a0\u00bb3&Prime; overlay_alpha=\u00a0\u00bb50&Prime; shift_x=\u00a0\u00bb0&Prime; shift_y=\u00a0\u00bb0&Prime; shift_y_down=\u00a0\u00bb0&Prime; z_index=\u00a0\u00bb0&Prime; medium_width=\u00a0\u00bb0&Prime; mobile_width=\u00a0\u00bb0&Prime; width=\u00a0\u00bb1\/1&Prime; column_width_pixel=\u00a0\u00bb900&Prime;][vc_tabs][vc_tab gutter_size=\u00a0\u00bb2&Prime; column_padding=\u00a0\u00bb2&Prime; title=\u00a0\u00bbreconduire mon adh\u00e9sion\u00a0\u00bb tab_id=\u00a0\u00bb1555580081-1-415556798947628e52-8ec4&Prime;][vc_custom_heading heading_semantic=\u00a0\u00bbh3&Prime; text_size=\u00a0\u00bbh4&Prime;]<strong><em>Pour ceux qui souhaitent reconduire<\/em><\/strong><\/p>\n<p>Veuillez remplir le formulaire ci-joint en cliquant\u00a0<a href=\"https:\/\/docs.google.com\/forms\/d\/e\/1FAIpQLScKciDXn0Uqly8W5qPuxiuO25d1UppI3zngbV9UECNE_QzI5g\/viewform\" target=\"_blank\" rel=\"noopener\" data-saferedirecturl=\"https:\/\/www.google.com\/url?hl=fr&amp;q=https:\/\/docs.google.com\/forms\/d\/e\/1FAIpQLScKciDXn0Uqly8W5qPuxiuO25d1UppI3zngbV9UECNE_QzI5g\/viewform&amp;source=gmail&amp;ust=1472446041634000&amp;usg=AFQjCNHNXEPqu3PUG1SPmAjzm21RpvYr8A\"><b>ici<\/b><\/a>\u00a0si vous souhaitez reconduire afin que l&rsquo;on r\u00e9serve bien votre place. En fonction de vos retours et \u00e0 partir du 7 sept., nous attribuerons les places vacantes \u00e0 de nouvelles demandes.[\/vc_custom_heading][\/vc_tab][vc_tab gutter_size=\u00a0\u00bb2&Prime; column_padding=\u00a0\u00bb2&Prime; title=\u00a0\u00bbnouvelle adh\u00e9sion\u00a0\u00bb tab_id=\u00a0\u00bb1555580081-2-4715556798947628e52-8ec4&Prime;][vc_row_inner row_inner_height_percent=\u00a0\u00bb0&Prime; overlay_alpha=\u00a0\u00bb50&Prime; gutter_size=\u00a0\u00bb4&Prime; shift_y=\u00a0\u00bb0&Prime; z_index=\u00a0\u00bb0&Prime;][vc_column_inner width=\u00a0\u00bb1\/1&Prime;][vc_custom_heading heading_semantic=\u00a0\u00bbh1&Prime; text_size=\u00a0\u00bbh3&Prime;]<em><strong>Pour\u00a0les\u00a0nouveaux<\/strong><\/em><\/p>\n<p>Veuillez remplir le formulaire ci-joint en cliquant\u00a0<b><a href=\"https:\/\/docs.google.com\/forms\/d\/e\/1FAIpQLSf5MCE_N8EydckGd7fBM-qJvHDWhS3G52Xv26jTeviHwEea4A\/viewform\" target=\"_top\" rel=\"noopener\">ici<\/a><\/b>\u00a0si vous \u00eates int\u00e9ress\u00e9(e). En parall\u00e8le, les participants aux cours de la saison derni\u00e8re expriment leur souhait de poursuivre ou non les cours pour cette nouvelle saison. Nous vous confirmerons les places disponibles \u00e0 partir du 7 septembre.[\/vc_custom_heading][\/vc_column_inner][\/vc_row_inner][\/vc_tab][\/vc_tabs][\/vc_column][\/vc_row][vc_row unlock_row_content=\u00a0\u00bbyes\u00a0\u00bb row_height_percent=\u00a0\u00bb0&Prime; override_padding=\u00a0\u00bbyes\u00a0\u00bb h_padding=\u00a0\u00bb2&Prime; top_padding=\u00a0\u00bb5&Prime; bottom_padding=\u00a0\u00bb5&Prime; back_color=\u00a0\u00bbcolor-wayh\u00a0\u00bb overlay_alpha=\u00a0\u00bb13&Prime; gutter_size=\u00a0\u00bb3&Prime; column_width_percent=\u00a0\u00bb100&Prime; shift_y=\u00a0\u00bb0&Prime; z_index=\u00a0\u00bb0&Prime; style=\u00a0\u00bbinherited\u00a0\u00bb][vc_column column_width_percent=\u00a0\u00bb100&Prime; position_vertical=\u00a0\u00bbmiddle\u00a0\u00bb align_horizontal=\u00a0\u00bbalign_center\u00a0\u00bb gutter_size=\u00a0\u00bb3&Prime; style=\u00a0\u00bbdark\u00a0\u00bb font_family=\u00a0\u00bbfont-762333&Prime; overlay_alpha=\u00a0\u00bb100&Prime; shift_x=\u00a0\u00bb0&Prime; shift_y=\u00a0\u00bb0&Prime; shift_y_down=\u00a0\u00bb0&Prime; z_index=\u00a0\u00bb0&Prime; medium_width=\u00a0\u00bb0&Prime; mobile_width=\u00a0\u00bb0&Prime; zoom_width=\u00a0\u00bb0&Prime; zoom_height=\u00a0\u00bb0&Prime; width=\u00a0\u00bb1\/1&Prime;][vc_custom_heading text_font=\u00a0\u00bbfont-156269&Prime; text_size=\u00a0\u00bbh1&Prime; text_transform=\u00a0\u00bbuppercase\u00a0\u00bb]Loisirs[\/vc_custom_heading][\/vc_column][\/vc_row][vc_row row_height_percent=\u00a0\u00bb0&Prime; override_padding=\u00a0\u00bbyes\u00a0\u00bb h_padding=\u00a0\u00bb2&Prime; top_padding=\u00a0\u00bb5&Prime; bottom_padding=\u00a0\u00bb5&Prime; overlay_alpha=\u00a0\u00bb50&Prime; gutter_size=\u00a0\u00bb3&Prime; column_width_percent=\u00a0\u00bb100&Prime; shift_y=\u00a0\u00bb0&Prime; z_index=\u00a0\u00bb0&Prime;][vc_column width=\u00a0\u00bb1\/1&Prime;][vc_row_inner][vc_column_inner width=\u00a0\u00bb1\/2&Prime;][vc_column_text]Le FCL Tennis propose des cours collectifs de tennis r\u00e9partis du lundi au samedi, le plus souvent en soir\u00e9e et le samedi matin. Ils sont encadr\u00e9s par des enseignants professionnels, 4 joueurs par court pour une dur\u00e9e d&rsquo;1h (\u00e9ventuellement cours collectifs \u00e0 8 joueurs sur 2 courts).<\/p>\n<p>&nbsp;<\/p>\n<p><em><strong>Des formules flexibles :<\/strong><\/em><\/p>\n<p>3 sessions reconductibles de 9 s\u00e9ances pour vous permettre de d\u00e9couvrir sur une p\u00e9riode ou de vous garantir un cours r\u00e9gulier sur la saison compl\u00e8te :<\/p>\n<ul>\n<li><strong>Cycle 1<\/strong>\u00a0: Semaine du 15 Septembre au 4 D\u00e9cembre (hors vac. scolaires et jours f\u00e9ri\u00e9s)<\/li>\n<\/ul>\n<ul>\n<li><strong>Cycle 2<\/strong>\u00a0: Semaine du 5 Janvier au 19 Mars (hors vac. scolaires et jours f\u00e9ri\u00e9s)<\/li>\n<\/ul>\n<ul>\n<li><strong>Cycle\u00a0 3<\/strong>\u00a0: Semaine du 23 Mars au 11 Juin (hors vac. scolaires et jours f\u00e9ri\u00e9s)<\/li>\n<\/ul>\n<p>Une animation conviviale conclut la session.[\/vc_column_text][\/vc_column_inner][vc_column_inner width=\u00a0\u00bb1\/2&Prime;][vc_column_text]<\/p>\n<p><strong>Conditions :<\/strong><\/p>\n<p>&#8211; Jours f\u00e9ri\u00e9s : le cours n&rsquo;a pas lieu. Un tarif adapt\u00e9 sera propos\u00e9 sur la base du nombre de s\u00e9ances encadr\u00e9es.<\/p>\n<p>&#8211; Tarifs : 110\u20ac la session de 9 cours (310\u20ac si vous validez vos 3 sessions en septembre)<\/p>\n<p>&#8211; L&rsquo;int\u00e9gration \u00e0 ces cours implique votre adh\u00e9sion au club : tous les tarifs sont disponibles\u00a0<a title=\"http:\/\/www.fcltennis.com\/info\/tarifs\/\" href=\"http:\/\/www.fcltennis.com\/info\/tarifs\/\" target=\"_blank\" rel=\"noopener\">ici<\/a>\u00a0ou \u00e0 l&rsquo;accueil du club. Adh\u00e9rent, vous pouvez prendre part \u00e0 la vie du club : animations tennis et extra-tennis, d&rsquo;acc\u00e9der aux structures couvertes et ext\u00e9rieures en dehors des heures de cours toute l&rsquo;ann\u00e9e du 1er septembre 2021 au 31 ao\u00fbt 2022 et des diff\u00e9rents services :\u00a0 invitations de partenaires&#8230;<\/p>\n<p><strong>Renseignements :<\/strong><\/p>\n<p>&#8211; Club House FCL Tennis<\/p>\n<p>&#8211;\u00a0<a title=\"Contact\" href=\"https:\/\/www.fcltennis.com\/info\/contact\/\">Formulaire de contact<\/a>\u00a0 ou 04 78 23 14 44[\/vc_column_text][\/vc_column_inner][\/vc_row_inner][\/vc_column][\/vc_row][vc_row row_height_percent=\u00a0\u00bb0&Prime; override_padding=\u00a0\u00bbyes\u00a0\u00bb h_padding=\u00a0\u00bb2&Prime; top_padding=\u00a0\u00bb5&Prime; bottom_padding=\u00a0\u00bb5&Prime; overlay_alpha=\u00a0\u00bb50&Prime; equal_height=\u00a0\u00bbyes\u00a0\u00bb gutter_size=\u00a0\u00bb4&Prime; column_width_percent=\u00a0\u00bb100&Prime; shift_y=\u00a0\u00bb0&Prime; z_index=\u00a0\u00bb0&Prime;][vc_column column_width_percent=\u00a0\u00bb100&Prime; position_vertical=\u00a0\u00bbmiddle\u00a0\u00bb align_horizontal=\u00a0\u00bbalign_center\u00a0\u00bb gutter_size=\u00a0\u00bb3&Prime; overlay_alpha=\u00a0\u00bb50&Prime; shift_x=\u00a0\u00bb0&Prime; shift_y=\u00a0\u00bb0&Prime; shift_y_down=\u00a0\u00bb0&Prime; z_index=\u00a0\u00bb0&Prime; medium_width=\u00a0\u00bb0&Prime; mobile_width=\u00a0\u00bb0&Prime; width=\u00a0\u00bb1\/2&Prime;][vc_single_image media=\u00a0\u00bb88074&Prime; media_width_percent=\u00a0\u00bb100&Prime; media_ratio=\u00a0\u00bbsixteen-nine\u00a0\u00bb][\/vc_column][vc_column column_width_percent=\u00a0\u00bb100&Prime; align_horizontal=\u00a0\u00bbalign_center\u00a0\u00bb gutter_size=\u00a0\u00bb3&Prime; overlay_alpha=\u00a0\u00bb50&Prime; shift_x=\u00a0\u00bb0&Prime; shift_y=\u00a0\u00bb0&Prime; shift_y_down=\u00a0\u00bb0&Prime; z_index=\u00a0\u00bb0&Prime; medium_width=\u00a0\u00bb0&Prime; mobile_width=\u00a0\u00bb0&Prime; width=\u00a0\u00bb1\/2&Prime;][vc_single_image media=\u00a0\u00bb88075&Prime; media_width_percent=\u00a0\u00bb100&Prime; media_ratio=\u00a0\u00bbsixteen-nine\u00a0\u00bb][\/vc_column][\/vc_row][vc_row unlock_row_content=\u00a0\u00bbyes\u00a0\u00bb row_height_percent=\u00a0\u00bb0&Prime; override_padding=\u00a0\u00bbyes\u00a0\u00bb h_padding=\u00a0\u00bb2&Prime; top_padding=\u00a0\u00bb5&Prime; bottom_padding=\u00a0\u00bb5&Prime; back_color=\u00a0\u00bbcolor-wayh\u00a0\u00bb overlay_alpha=\u00a0\u00bb13&Prime; gutter_size=\u00a0\u00bb3&Prime; column_width_percent=\u00a0\u00bb100&Prime; shift_y=\u00a0\u00bb0&Prime; z_index=\u00a0\u00bb0&Prime; style=\u00a0\u00bbinherited\u00a0\u00bb][vc_column column_width_percent=\u00a0\u00bb100&Prime; position_vertical=\u00a0\u00bbmiddle\u00a0\u00bb align_horizontal=\u00a0\u00bbalign_center\u00a0\u00bb gutter_size=\u00a0\u00bb3&Prime; style=\u00a0\u00bbdark\u00a0\u00bb font_family=\u00a0\u00bbfont-762333&Prime; overlay_alpha=\u00a0\u00bb100&Prime; shift_x=\u00a0\u00bb0&Prime; shift_y=\u00a0\u00bb0&Prime; shift_y_down=\u00a0\u00bb0&Prime; z_index=\u00a0\u00bb0&Prime; medium_width=\u00a0\u00bb0&Prime; mobile_width=\u00a0\u00bb0&Prime; zoom_width=\u00a0\u00bb0&Prime; zoom_height=\u00a0\u00bb0&Prime; width=\u00a0\u00bb1\/1&Prime;][vc_custom_heading text_font=\u00a0\u00bbfont-156269&Prime; text_size=\u00a0\u00bbh1&Prime; text_transform=\u00a0\u00bbuppercase\u00a0\u00bb]Tarifs[\/vc_custom_heading][\/vc_column][\/vc_row][vc_row unlock_row_content=\u00a0\u00bbyes\u00a0\u00bb row_height_percent=\u00a0\u00bb0&Prime; override_padding=\u00a0\u00bbyes\u00a0\u00bb h_padding=\u00a0\u00bb0&Prime; top_padding=\u00a0\u00bb0&Prime; bottom_padding=\u00a0\u00bb0&Prime; overlay_alpha=\u00a0\u00bb50&Prime; equal_height=\u00a0\u00bbyes\u00a0\u00bb gutter_size=\u00a0\u00bb0&Prime; column_width_percent=\u00a0\u00bb100&Prime; shift_y=\u00a0\u00bb0&Prime; z_index=\u00a0\u00bb0&Prime;][vc_column column_width_percent=\u00a0\u00bb100&Prime; position_vertical=\u00a0\u00bbbottom\u00a0\u00bb align_horizontal=\u00a0\u00bbalign_center\u00a0\u00bb gutter_size=\u00a0\u00bb3&Prime; override_padding=\u00a0\u00bbyes\u00a0\u00bb column_padding=\u00a0\u00bb4&Prime; back_color=\u00a0\u00bbcolor-xsdn\u00a0\u00bb overlay_alpha=\u00a0\u00bb50&Prime; shift_x=\u00a0\u00bb0&Prime; shift_y=\u00a0\u00bb0&Prime; shift_y_down=\u00a0\u00bb0&Prime; z_index=\u00a0\u00bb0&Prime; medium_width=\u00a0\u00bb0&Prime; mobile_width=\u00a0\u00bb0&Prime; width=\u00a0\u00bb1\/2&Prime;][vc_row_inner][vc_column_inner column_width_percent=\u00a0\u00bb100&Prime; align_horizontal=\u00a0\u00bbalign_center\u00a0\u00bb gutter_size=\u00a0\u00bb2&Prime; overlay_alpha=\u00a0\u00bb50&Prime; shift_x=\u00a0\u00bb0&Prime; shift_y=\u00a0\u00bb0&Prime; shift_y_down=\u00a0\u00bb0&Prime; z_index=\u00a0\u00bb0&Prime; medium_width=\u00a0\u00bb0&Prime; mobile_width=\u00a0\u00bb0&Prime; width=\u00a0\u00bb1\/1&Prime;][vc_custom_heading text_transform=\u00a0\u00bbuppercase\u00a0\u00bb]<strong>Formule 1<\/strong>[\/vc_custom_heading][vc_custom_heading heading_semantic=\u00a0\u00bbh3&Prime; text_size=\u00a0\u00bbfontsize-338686&Prime; text_color=\u00a0\u00bbaccent\u00a0\u00bb sub_reduced=\u00a0\u00bbyes\u00a0\u00bb subheading=\u00a0\u00bb1h \u00e0 4<br \/>\n*pour 3 cycles<br \/>\n1 cycle : 110\u20ac\u00a0\u00bb]310\u20ac[\/vc_custom_heading][\/vc_column_inner][\/vc_row_inner][vc_button button_color=\u00a0\u00bbaccent\u00a0\u00bb border_width=\u00a0\u00bb0&Prime; link=\u00a0\u00bburl:%23|||\u00a0\u00bb]Click the button[\/vc_button][\/vc_column][vc_column column_width_percent=\u00a0\u00bb100&Prime; position_vertical=\u00a0\u00bbbottom\u00a0\u00bb align_horizontal=\u00a0\u00bbalign_center\u00a0\u00bb gutter_size=\u00a0\u00bb3&Prime; override_padding=\u00a0\u00bbyes\u00a0\u00bb column_padding=\u00a0\u00bb4&Prime; back_color=\u00a0\u00bbcolor-gyho\u00a0\u00bb overlay_alpha=\u00a0\u00bb50&Prime; shift_x=\u00a0\u00bb0&Prime; shift_y=\u00a0\u00bb0&Prime; shift_y_down=\u00a0\u00bb0&Prime; z_index=\u00a0\u00bb0&Prime; medium_width=\u00a0\u00bb0&Prime; mobile_width=\u00a0\u00bb0&Prime; width=\u00a0\u00bb1\/2&Prime;][vc_row_inner][vc_column_inner column_width_percent=\u00a0\u00bb100&Prime; align_horizontal=\u00a0\u00bbalign_center\u00a0\u00bb gutter_size=\u00a0\u00bb2&Prime; overlay_alpha=\u00a0\u00bb50&Prime; shift_x=\u00a0\u00bb0&Prime; shift_y=\u00a0\u00bb0&Prime; shift_y_down=\u00a0\u00bb0&Prime; z_index=\u00a0\u00bb0&Prime; medium_width=\u00a0\u00bb0&Prime; mobile_width=\u00a0\u00bb0&Prime; width=\u00a0\u00bb1\/1&Prime;][vc_custom_heading text_size=\u00a0\u00bbfontsize-160000&Prime; text_transform=\u00a0\u00bbuppercase\u00a0\u00bb text_space=\u00a0\u00bbfontspace-135905&Prime;]formule 2[\/vc_custom_heading][vc_custom_heading heading_semantic=\u00a0\u00bbh3&Prime; text_size=\u00a0\u00bbfontsize-338686&Prime; text_color=\u00a0\u00bbaccent\u00a0\u00bb sub_reduced=\u00a0\u00bbyes\u00a0\u00bb subheading=\u00a0\u00bb1h a 4<br \/>\n*pour 3 cycles<br \/>\n1 cycle: 70\u20ac\u00a0\u00bb]180\u20ac[\/vc_custom_heading][\/vc_column_inner][\/vc_row_inner][vc_button button_color=\u00a0\u00bbaccent\u00a0\u00bb border_width=\u00a0\u00bb0&Prime; link=\u00a0\u00bburl:%23|||\u00a0\u00bb]Click the button[\/vc_button][\/vc_column][\/vc_row]<\/p>\n","protected":false},"excerpt":{"rendered":"<p>[vc_row row_height_percent=\u00a0\u00bb30&Prime; override_padding=\u00a0\u00bbyes\u00a0\u00bb h_padding=\u00a0\u00bb2&Prime; top_padding=\u00a0\u00bb3&Prime; bottom_padding=\u00a0\u00bb3&Prime; back_color=\u00a0\u00bbcolor-wayh\u00a0\u00bb back_image=\u00a0\u00bb87898&Prime; back_repeat=\u00a0\u00bbno-repeat\u00a0\u00bb back_position=\u00a0\u00bbcenter center\u00a0\u00bb overlay_color=\u00a0\u00bbaccent\u00a0\u00bb overlay_alpha=\u00a0\u00bb90&Prime; gutter_size=\u00a0\u00bb3&Prime; column_width_percent=\u00a0\u00bb100&Prime; shift_y=\u00a0\u00bb0&Prime; z_index=\u00a0\u00bb0&Prime; style=\u00a0\u00bbinherited\u00a0\u00bb][vc_column column_width_percent=\u00a0\u00bb100&Prime; position_vertical=\u00a0\u00bbbottom\u00a0\u00bb [&hellip;]<\/p>\n","protected":false},"author":1,"featured_media":87935,"parent":0,"menu_order":0,"comment_status":"closed","ping_status":"closed","template":"","meta":{"footnotes":""},"class_list":["post-88020","page","type-page","status-publish","has-post-thumbnail","hentry"],"yoast_head":"<!-- This site is optimized with the Yoast SEO plugin v18.7 - https:\/\/yoast.com\/wordpress\/plugins\/seo\/ -->\n<title>Cours collectifs adultes - FCL Tennis - Caluire et Cuire<\/title>\n<meta name=\"robots\" content=\"noindex, follow, max-snippet:-1, max-image-preview:large, max-video-preview:-1\" \/>\n<meta property=\"og:locale\" content=\"fr_FR\" \/>\n<meta property=\"og:type\" content=\"article\" \/>\n<meta property=\"og:title\" content=\"Cours collectifs adultes - FCL Tennis - Caluire et Cuire\" \/>\n<meta property=\"og:description\" content=\"[vc_row row_height_percent=\u00a0\u00bb30&Prime; override_padding=\u00a0\u00bbyes\u00a0\u00bb h_padding=\u00a0\u00bb2&Prime; top_padding=\u00a0\u00bb3&Prime; bottom_padding=\u00a0\u00bb3&Prime; back_color=\u00a0\u00bbcolor-wayh\u00a0\u00bb back_image=\u00a0\u00bb87898&Prime; back_repeat=\u00a0\u00bbno-repeat\u00a0\u00bb back_position=\u00a0\u00bbcenter center\u00a0\u00bb overlay_color=\u00a0\u00bbaccent\u00a0\u00bb overlay_alpha=\u00a0\u00bb90&Prime; gutter_size=\u00a0\u00bb3&Prime; column_width_percent=\u00a0\u00bb100&Prime; shift_y=\u00a0\u00bb0&Prime; z_index=\u00a0\u00bb0&Prime; style=\u00a0\u00bbinherited\u00a0\u00bb][vc_column column_width_percent=\u00a0\u00bb100&Prime; position_vertical=\u00a0\u00bbbottom\u00a0\u00bb [&hellip;]\" \/>\n<meta property=\"og:url\" content=\"https:\/\/www.idokom.fr\/clients\/fcl-tennis\/cours-collectifs-adultes\/\" \/>\n<meta property=\"og:site_name\" content=\"FCL Tennis - Caluire et Cuire\" \/>\n<meta property=\"article:modified_time\" content=\"2021-06-08T16:40:21+00:00\" \/>\n<meta property=\"og:image\" content=\"https:\/\/www.idokom.fr\/clients\/fcl-tennis\/wp-content\/uploads\/2021\/06\/IMG-4206.jpg\" \/>\n\t<meta property=\"og:image:width\" content=\"800\" \/>\n\t<meta property=\"og:image:height\" content=\"600\" \/>\n\t<meta property=\"og:image:type\" content=\"image\/jpeg\" \/>\n<meta name=\"twitter:card\" content=\"summary_large_image\" \/>\n<meta name=\"twitter:label1\" content=\"Dur\u00e9e de lecture estim\u00e9e\" \/>\n\t<meta name=\"twitter:data1\" content=\"3 minutes\" \/>\n<script type=\"application\/ld+json\" class=\"yoast-schema-graph\">{\"@context\":\"https:\/\/schema.org\",\"@graph\":[{\"@type\":\"WebSite\",\"@id\":\"https:\/\/www.idokom.fr\/clients\/fcl-tennis\/#website\",\"url\":\"https:\/\/www.idokom.fr\/clients\/fcl-tennis\/\",\"name\":\"FCL Tennis - Caluire et Cuire\",\"description\":\"Un site utilisant WordPress\",\"potentialAction\":[{\"@type\":\"SearchAction\",\"target\":{\"@type\":\"EntryPoint\",\"urlTemplate\":\"https:\/\/www.idokom.fr\/clients\/fcl-tennis\/?s={search_term_string}\"},\"query-input\":\"required name=search_term_string\"}],\"inLanguage\":\"fr-FR\"},{\"@type\":\"ImageObject\",\"inLanguage\":\"fr-FR\",\"@id\":\"https:\/\/www.idokom.fr\/clients\/fcl-tennis\/cours-collectifs-adultes\/#primaryimage\",\"url\":\"https:\/\/www.idokom.fr\/clients\/fcl-tennis\/wp-content\/uploads\/2021\/06\/IMG-4206.jpg\",\"contentUrl\":\"https:\/\/www.idokom.fr\/clients\/fcl-tennis\/wp-content\/uploads\/2021\/06\/IMG-4206.jpg\",\"width\":800,\"height\":600},{\"@type\":\"WebPage\",\"@id\":\"https:\/\/www.idokom.fr\/clients\/fcl-tennis\/cours-collectifs-adultes\/#webpage\",\"url\":\"https:\/\/www.idokom.fr\/clients\/fcl-tennis\/cours-collectifs-adultes\/\",\"name\":\"Cours collectifs adultes - FCL Tennis - Caluire et Cuire\",\"isPartOf\":{\"@id\":\"https:\/\/www.idokom.fr\/clients\/fcl-tennis\/#website\"},\"primaryImageOfPage\":{\"@id\":\"https:\/\/www.idokom.fr\/clients\/fcl-tennis\/cours-collectifs-adultes\/#primaryimage\"},\"datePublished\":\"2021-06-03T16:44:51+00:00\",\"dateModified\":\"2021-06-08T16:40:21+00:00\",\"breadcrumb\":{\"@id\":\"https:\/\/www.idokom.fr\/clients\/fcl-tennis\/cours-collectifs-adultes\/#breadcrumb\"},\"inLanguage\":\"fr-FR\",\"potentialAction\":[{\"@type\":\"ReadAction\",\"target\":[\"https:\/\/www.idokom.fr\/clients\/fcl-tennis\/cours-collectifs-adultes\/\"]}]},{\"@type\":\"BreadcrumbList\",\"@id\":\"https:\/\/www.idokom.fr\/clients\/fcl-tennis\/cours-collectifs-adultes\/#breadcrumb\",\"itemListElement\":[{\"@type\":\"ListItem\",\"position\":1,\"name\":\"Accueil\",\"item\":\"https:\/\/www.idokom.fr\/clients\/fcl-tennis\/\"},{\"@type\":\"ListItem\",\"position\":2,\"name\":\"Cours collectifs adultes\"}]}]}<\/script>\n<!-- \/ Yoast SEO plugin. -->","yoast_head_json":{"title":"Cours collectifs adultes - FCL Tennis - Caluire et Cuire","robots":{"index":"noindex","follow":"follow","max-snippet":"max-snippet:-1","max-image-preview":"max-image-preview:large","max-video-preview":"max-video-preview:-1"},"og_locale":"fr_FR","og_type":"article","og_title":"Cours collectifs adultes - FCL Tennis - Caluire et Cuire","og_description":"[vc_row row_height_percent=\u00a0\u00bb30&Prime; override_padding=\u00a0\u00bbyes\u00a0\u00bb h_padding=\u00a0\u00bb2&Prime; top_padding=\u00a0\u00bb3&Prime; bottom_padding=\u00a0\u00bb3&Prime; back_color=\u00a0\u00bbcolor-wayh\u00a0\u00bb back_image=\u00a0\u00bb87898&Prime; back_repeat=\u00a0\u00bbno-repeat\u00a0\u00bb back_position=\u00a0\u00bbcenter center\u00a0\u00bb overlay_color=\u00a0\u00bbaccent\u00a0\u00bb overlay_alpha=\u00a0\u00bb90&Prime; gutter_size=\u00a0\u00bb3&Prime; column_width_percent=\u00a0\u00bb100&Prime; shift_y=\u00a0\u00bb0&Prime; z_index=\u00a0\u00bb0&Prime; style=\u00a0\u00bbinherited\u00a0\u00bb][vc_column column_width_percent=\u00a0\u00bb100&Prime; position_vertical=\u00a0\u00bbbottom\u00a0\u00bb [&hellip;]","og_url":"https:\/\/www.idokom.fr\/clients\/fcl-tennis\/cours-collectifs-adultes\/","og_site_name":"FCL Tennis - Caluire et Cuire","article_modified_time":"2021-06-08T16:40:21+00:00","og_image":[{"width":800,"height":600,"url":"https:\/\/www.idokom.fr\/clients\/fcl-tennis\/wp-content\/uploads\/2021\/06\/IMG-4206.jpg","type":"image\/jpeg"}],"twitter_card":"summary_large_image","twitter_misc":{"Dur\u00e9e de lecture estim\u00e9e":"3 minutes"},"schema":{"@context":"https:\/\/schema.org","@graph":[{"@type":"WebSite","@id":"https:\/\/www.idokom.fr\/clients\/fcl-tennis\/#website","url":"https:\/\/www.idokom.fr\/clients\/fcl-tennis\/","name":"FCL Tennis - Caluire et Cuire","description":"Un site utilisant WordPress","potentialAction":[{"@type":"SearchAction","target":{"@type":"EntryPoint","urlTemplate":"https:\/\/www.idokom.fr\/clients\/fcl-tennis\/?s={search_term_string}"},"query-input":"required name=search_term_string"}],"inLanguage":"fr-FR"},{"@type":"ImageObject","inLanguage":"fr-FR","@id":"https:\/\/www.idokom.fr\/clients\/fcl-tennis\/cours-collectifs-adultes\/#primaryimage","url":"https:\/\/www.idokom.fr\/clients\/fcl-tennis\/wp-content\/uploads\/2021\/06\/IMG-4206.jpg","contentUrl":"https:\/\/www.idokom.fr\/clients\/fcl-tennis\/wp-content\/uploads\/2021\/06\/IMG-4206.jpg","width":800,"height":600},{"@type":"WebPage","@id":"https:\/\/www.idokom.fr\/clients\/fcl-tennis\/cours-collectifs-adultes\/#webpage","url":"https:\/\/www.idokom.fr\/clients\/fcl-tennis\/cours-collectifs-adultes\/","name":"Cours collectifs adultes - FCL Tennis - Caluire et Cuire","isPartOf":{"@id":"https:\/\/www.idokom.fr\/clients\/fcl-tennis\/#website"},"primaryImageOfPage":{"@id":"https:\/\/www.idokom.fr\/clients\/fcl-tennis\/cours-collectifs-adultes\/#primaryimage"},"datePublished":"2021-06-03T16:44:51+00:00","dateModified":"2021-06-08T16:40:21+00:00","breadcrumb":{"@id":"https:\/\/www.idokom.fr\/clients\/fcl-tennis\/cours-collectifs-adultes\/#breadcrumb"},"inLanguage":"fr-FR","potentialAction":[{"@type":"ReadAction","target":["https:\/\/www.idokom.fr\/clients\/fcl-tennis\/cours-collectifs-adultes\/"]}]},{"@type":"BreadcrumbList","@id":"https:\/\/www.idokom.fr\/clients\/fcl-tennis\/cours-collectifs-adultes\/#breadcrumb","itemListElement":[{"@type":"ListItem","position":1,"name":"Accueil","item":"https:\/\/www.idokom.fr\/clients\/fcl-tennis\/"},{"@type":"ListItem","position":2,"name":"Cours collectifs adultes"}]}]}},"_links":{"self":[{"href":"https:\/\/www.idokom.fr\/clients\/fcl-tennis\/wp-json\/wp\/v2\/pages\/88020","targetHints":{"allow":["GET"]}}],"collection":[{"href":"https:\/\/www.idokom.fr\/clients\/fcl-tennis\/wp-json\/wp\/v2\/pages"}],"about":[{"href":"https:\/\/www.idokom.fr\/clients\/fcl-tennis\/wp-json\/wp\/v2\/types\/page"}],"author":[{"embeddable":true,"href":"https:\/\/www.idokom.fr\/clients\/fcl-tennis\/wp-json\/wp\/v2\/users\/1"}],"replies":[{"embeddable":true,"href":"https:\/\/www.idokom.fr\/clients\/fcl-tennis\/wp-json\/wp\/v2\/comments?post=88020"}],"version-history":[{"count":20,"href":"https:\/\/www.idokom.fr\/clients\/fcl-tennis\/wp-json\/wp\/v2\/pages\/88020\/revisions"}],"predecessor-version":[{"id":88120,"href":"https:\/\/www.idokom.fr\/clients\/fcl-tennis\/wp-json\/wp\/v2\/pages\/88020\/revisions\/88120"}],"wp:featuredmedia":[{"embeddable":true,"href":"https:\/\/www.idokom.fr\/clients\/fcl-tennis\/wp-json\/wp\/v2\/media\/87935"}],"wp:attachment":[{"href":"https:\/\/www.idokom.fr\/clients\/fcl-tennis\/wp-json\/wp\/v2\/media?parent=88020"}],"curies":[{"name":"wp","href":"https:\/\/api.w.org\/{rel}","templated":true}]}}